of 147433748?
2, 7, 11, 9769
What are the prime factors of 1823933897?
10847, 168151
What are the prime factors of 1240288203?
3, 7, 11, 1063, 5051
What are the prime factors of 569095979?
569095979
List the prime factors of 119458667.
151, 791117
List the prime factors of 1948717312.
2, 1033, 7369
What are the prime factors of 2524920396?
2, 3, 210410033
What are the prime factors of 2924609564?
2, 31, 71, 332191
What are the prime factors of 73978071?
3, 151, 163307
What are the prime factors of 513827119?
13, 2207, 17909
What are the prime factors of 67435122?
2, 3, 89, 293, 431
What are the prime factors of 2877518151?
3, 107, 2988077
What are the prime factors of 186091929?
3, 599, 34519
What are the prime factors of 2034536765?
5, 131, 3106163
List the prime factors of 286587759.
3, 2377, 40189
List the prime factors of 1887320044.
2, 471830011
List the prime factors of 873376405.
5, 11, 15879571
What are the prime factors of 9128275584?
2, 3, 4673, 5087
List the prime factors of 94453673.
7043, 13411
List the prime factors of 17524604.
2, 4381151
List the prime factors of 125861714.
2, 11, 5720987
What are the prime factors of 1911892990?
2, 5, 7, 27312757
What are the prime factors of 545007925?
5, 7, 11, 283121
What are the prime factors of 662640990?
2, 3, 5, 11, 2008003
List the prime factors of 1358511.
3, 7, 11, 5881
What are the prime factors of 573637500?
2, 3, 5, 5099
What are the prime factors of 722126530?
2, 5, 1723, 41911
What are the prime factors of 107220912?
2, 3, 47, 47527
What are the prime factors of 23934605?
5, 23, 9049
What are the prime factors of 2883252325?
5, 115330093
What are the prime factors of 40861624?
2, 5107703
List the prime factors of 190992747.
3, 11, 73, 79283
What are the prime factors of 370122839?
370122839
What are the prime factors of 34481436?
2, 3, 11, 261223
List the prime factors of 1980573278.
2, 857, 1155527
List the prime factors of 47206653.
3, 13, 1210427
List the prime factors of 484329374.
2, 242164687
List the prime factors of 42239642.
2, 1993, 10597
List the prime factors of 131432579.
661, 198839
List the prime factors of 814308518.
2, 83, 4905473
What are the prime factors of 137557666?
2, 751, 91583
What are the prime factors of 242855586?
2, 3, 13491977
List the prime factors of 1307070987.
3, 47, 9270007
List the prime factors of 441540531.
3, 16353353
List the prime factors of 587581957.
2203, 266719
List the prime factors of 134280664.
2, 7, 2397869
List the prime factors of 627726806.
2, 7, 53, 491, 1723
What are the prime factors of 4419757935?
3, 5, 98216843
What are the prime factors of 13229264?
2, 17, 2861
What are the prime factors of 94705708?
2, 17, 1392731
List the prime factors of 270414410.
2, 5, 7, 17, 13367
What are the prime factors of 451835923?
7, 11, 101, 58099
List the prime factors of 13037756.
2, 3259439
What are the prime factors of 51279021?
3, 17, 47, 2377
What are the prime factors of 186527673?
3, 20725297
List the prime factors of 1504201475.
5, 7, 79, 108803
List the prime factors of 221236544.
2, 3456821
What are the prime factors of 56207534?
2, 28103767
What are the prime factors of 3930050523?
3, 7, 187145263
What are the prime factors of 6234262942?
2, 3117131471
List the prime factors of 103645684.
2, 19, 173, 7883
What are the prime factors of 14874059?
14874059
List the prime factors of 29259905.
5, 19, 67, 4597
What are the prime factors of 27736785?
3, 5, 31, 59, 337
What are the prime factors of 517957343?
17, 47, 648257
What are the prime factors of 1652046683?
7, 29, 1789, 4549
List the prime factors of 364842353.
23, 83, 383, 499
List the prime factors of 846784643.
846784643
List the prime factors of 44265128.
2, 5533141
What are the prime factors of 301399364?
2, 7, 41, 262543
List the prime factors of 406795110.
2, 3, 5, 1447, 9371
List the prime factors of 1543916098.
2, 17, 19, 101, 23663
List the prime factors of 58521571.
58521571
List the prime factors of 1400801939.
1400801939
List the prime factors of 78206274.
2, 3, 499, 8707
List the prime factors of 2645163741.
3, 11, 1193, 67189
What are the prime factors of 1021280944?
2, 63830059
List the prime factors of 607503882.
2, 3, 101250647
What are the prime factors of 3739356503?
19, 71, 2771947
List the prime factors of 2646830667.
3, 13, 29, 2340257
List the prime factors of 80999195.
5, 137, 118247
List the prime factors of 970549968.
2, 3, 20219791
List the prime factors of 2232374794.
2, 13, 311, 276079
List the prime factors of 1177811541.
3, 2957, 44257
What are the prime factors of 152115984?
2, 3, 1056361
What are the prime factors of 673899272?
2, 5059, 16651
What are the prime factors of 31771005?
3, 5, 7, 302581
What are the prime factors of 295192768?
2, 13, 354799
What are the prime factors of 182282753?
182282753
List the prime factors of 13735221.
3, 4578407
List the prime factors of 123855986.
2, 59, 61, 17207
What are the prime factors of 1195997226?
2, 3, 17, 11725463
What are the prime factors of 3973055413?
107, 37131359
List the prime factors of 447766649.
11, 619, 65761
List the prime factors of 21226749.
3, 859, 8237
List the prime factors of 835458480.
2, 3, 5, 1160359
What are the prime factors of 358626429?
3, 7, 1867, 3049
What are the prime factors of 322868085?
3, 5, 21524539
What are the prime factors of 215315961?
3, 7, 19, 539639
List the prime factors of 200005688.
2, 25000711
What are the prime factors of 75983782?
2, 7, 5427413
What are the prime factors of 274046150?
2, 5, 7, 23, 59, 577
What are the prime factors of 53333957?
337, 158261
List the prime factors of 162578834.
2, 11, 1723, 4289
What are the prime factors of 105903376?
2, 2467, 2683
What are the prime factors of 4653908?
2, 7, 71, 2341
List the prime factors of 3416331355.
5, 41, 491, 33941
What are the prime factors of 9022106?
2, 4511053
List the prime factors of 212932153.
7, 1523, 19973
List the prime factors of 318216379.
13, 24478183
List the prime factors of 241653926.
2, 29, 4166447
List the prime factors of 452901348.
2, 3, 4193531
List the prime factors of 248305330.
2, 5, 7, 13, 272863
What are the prime factors of 257948720?
2, 5, 1279, 2521
List the prime factors of 2711598654.
2, 3, 451933109
What are the prime factors of 35066262?
2, 3, 7, 11, 1549
What are the prime factors of 1057608395?
5, 29, 7293851
What are the prime factors of 622172081?
19, 32745899
What are the prime factors of 684742469?
109, 157, 40013
What are the prime factors of 858917593?
37, 491, 47279
List the prime factors of 1522655362.
2, 59, 12903859
List the prime factors of 110583194.
2, 55291597
List the prime factors of 77747808.
2, 3, 41, 19753
List the prime factors of 74241391.
7, 10605913
List the prime factors of 162055215.
3, 5, 7, 223, 769
What are the prime factors of 159336066?
2, 3, 26556011
What are the prime factors of 85020608?
2, 1328447
List the prime factors of 4872410610.
2, 3, 5, 277, 457, 1283
What are the prime factors of 469773142?
2, 239, 982789
List the prime factors of 309540064.
2, 9673127
List the prime factors of 147724632.
2, 3, 11, 383, 487
What are the prime factors of 108155065?
5, 29, 107, 6971
List the prime factors of 3395507553.
3, 125759539
What are the prime factors of 98855083?
37, 67, 39877
What are the prime factors of 24406896?
2, 3, 508477
List the prime factors of 1019712986.
2, 15013, 33961
What are the prime factors of 279199661?
13, 19, 86951
List the prime factors of 58823671.
58823671
List the prime factors of 1095223491.
3, 40563833
What are the prime factors of 26423367?
3, 79, 111491
What are the prime factors of 234640809?
3, 13, 43, 46639
List the prime factors of 387197730.
2, 3, 5, 4302197
What are the prime factors of 1524291671?
7, 217755953
What are the prime factors of 2220834830?
2, 5, 1873, 118571
List the prime factors of 652808469.
3, 211, 607, 1699
List the prime factors of 349407715.
5, 17, 4110679
List the prime factors of 2624287854.
2, 3, 179, 233, 10487
What are the prime factors of 44568153?
3, 7, 707431
What are the prime factors of 2202790323?
3, 29, 25319429
List the prime factors of 2170569407.
2170569407
List the prime factors of 19490341.
13, 1499257
List the prime factors of 1179238087.
3797, 310571
Lis